 - (-3)/1). Let k be (12/10)/((-1)/(-10)). Let q = a + k. What is the remainder when q is divided by 2?
0
Suppose -2*w + 2*o - 4 = 4*o, -5*w - 13 = 2*o. Let m = w + 8. Calculate the remainder when 7 is divided by m.
2
Suppose 4*f + 2*g - 9 = 11, -4*f + 28 = 4*g. Suppose 4*h = -4, -19 = -f*q - 5*h + 21. Calculate the remainder when 43 is divided by q.
13
Let k(c) = -8*c**2 - 3*c + 1. Let x be k(4). Let t = x + 245. Calculate the remainder when t is divided by 27.
25
Suppose 9 + 5 = 2*f. Calculate the remainder when 47 is divided by f.
5
Suppose -42 = -m + 4*h - 4, 0 = -5*m + 2*h + 100. Let r(s) = -8*s + 3. Calculate the remainder when r(-4) is divided by m.
17
Let l be 1 + -1 - -2 - -130. Calculate the remainder when 2 + -2 - l/(-3) is divided by 15.
14
Suppose 0 = 4*a - w - 0*w - 11, -17 = -4*a - 5*w. Let k = a + 10. Calculate the remainder when k is divided by 2.
1
Calculate the remainder when 34/(-51) + (-646)/(-6) is divided by 27.
26
Suppose -3*g - 15 = 2*g. Let m = g - -5. Suppose 4*h - m*h = 38. What is the remainder when h is divided by 10?
9
Suppose 123 = 3*y - 0*y. Let s = -2 - -2. Suppose 2*k - n = 25, s = -4*k - n - 14 + 73. Calculate the remainder when y is divided by k.
13
Let i(h) = 7*h**2 + 2*h + 3. Let b = -94 + 174. What is the remainder when b is divided by i(-2)?
26
Let f = 27 - 11. Suppose -40 - f = -4*i. Suppose 48 + 75 = 3*k. Calculate the remainder when k is divided by i.
13
Let t(b) = b + 2. Let n be t(7). Let y = 13 - n. Suppose -h + 30 = y*h. What is the remainder when 17 is divided by h?
5
Let i = -94 - -171. Calculate the remainder when i is divided by 13.
12
Let m(r) = -6*r + r**2 + 7*r - 5*r. Let b be m(2). Calculate the remainder when 14 is divided by (-6)/b*(-20)/(-6).
4
Suppose 1 = 2*c - 5. Suppose c*k = 53 + 52. Let d = 7 + 11. Calculate the remainder when k is divided by d.
17
Let r be 42/9 - (-2)/6. Suppose -85 - 165 = -r*c. Calculate the remainder when c is divided by 17.
16
Suppose v - 4*r = r + 15, -3*v + 55 = -5*r. Suppose -5*s + v + 5 = 0. Calculate the remainder when 0 - -1*13 - 0 is divided by s.
3
Suppose -3*y = 2*l + 4 - 6, -2*y = 2*l. Suppose -y*t + 56 = -0*t. Suppose 0 = -4*z + 53 + 7. What is the remainder when t is divided by z?
13
Let w be 0 - (-3 - -3)/3. Suppose 3*d - 2*c = -w*d + 155, -2*d + 4*c = -114. Calculate the remainder when d is divided by 13.
10
Suppose -6*x + x - 359 = -2*n, 5*x - 4*n = -363. Let w = x - -105. What is the remainder when w is divided by 18?
16
Let z = 63 - 45. Let b = 25 - z. Calculate the remainder when ((-1)/(-2))/((-2)/(-52)) is divided by b.
6
Let s(l) = 5*l**2 + 2*l - 4. Calculate the remainder when s(-4) is divided by 23.
22
Let n = 16 + -16. Suppose -3*f + 38 = 5*q - 50, f - q - 16 = n. Calculate the remainder when f is divided by 11.
10
Let g(u) = 2*u**2 - 8*u + 5. What is the remainder when g(6) is divided by 16?
13
Let z(f) = 2*f**2 - 27*f - 5. Suppose 0 = -5*a - 3*j + 32, -3*a + 3*j + 16 = 4*j. Calculate the remainder when z(14) is divided by a.
1
Let l be 7/1 + 1 + -4. Calculate the remainder when l/8 - 13/(-2) is divided by 2.
1
Let n = 9 - 34. Let y = n + 35. Calculate the remainder when 18 is divided by y.
8
Suppose -5*w = -4*f + 353, -w + 4*w = f - 90. Let d = f - 47. What is the remainder when d is divided by 21?
19
Suppose -5 = -5*t + 4*y + 20, y = 3*t - 15. Let k(s) = -s**3 - 6*s**2 - 4*s + 7. What is the remainder when t is divided by k(-5)?
1
Let o = 271 + -183. Calculate the remainder when 11/o + (-207)/(-8) is divided by 7.
5
Suppose -3*i = -68 + 14. Calculate the remainder when (-2464)/(-70) + (-2)/10 is divided by i.
17
Let d = 3 + -1. Let j be ((-8)/(-20))/(d/10). What is the remainder when 6 is divided by j + -2 + (-3 - -5)?
0
Suppose -5*n + 57 = -48. What is the remainder when 102 is divided by n?
18
What is the remainder when (-13)/((14/(-6))/7) is divided by (2 - 10)/((-4)/10)?
19
Let j(x) = -2*x**3 + 5*x**2 - 6*x - 7. Let u be j(5). Calculate the remainder when 17 is divided by u/(-16) + 14/(-112).
7
Let i(p) = -p**3 - 17*p**2 + 15*p - 11. What is the remainder when 84 is divided by i(-18)?
41
Let d(x) = 3*x + 7. Calculate the remainder when 47 is divided by d(3).
15
Let x(p) = -p**3 - 14*p**2 - 7*p + 9. What is the remainder when x(-14) is divided by 27?
26
Let v = 30 - 24. Calculate the remainder when 51 is divided by v.
3
Let y = 59 + 1. Let q(j) = j**2 + 7*j + 13. Calculate the remainder when y is divided by q(-9).
29
Let z(m) = -m**2 - 8*m + 5. Let q be z(-8). Suppose 1 = 3*x - q. Calculate the remainder when x is divided by 2.
0
Let s be 2*(3 - 9/6). Let i = s - -50. Calculate the remainder when i is divided by 18.
17
Suppose l - 4*q - 41 = 0, -3*l = 2*q + 2*q - 155. Let g(d) = -d**2 - 9*d - 5. What is the remainder when l is divided by g(-6)?
10
Let z(t) = t**3 - 6*t**2 + 14*t - 63. Let r(n) = n**2 + 2*n + 4. What is the remainder when z(6) is divided by r(-4)?
9
Calculate the remainder when 6/(-4)*-10 - 1 is divided by (1 - (-7)/(-2))*352/(-110).
6
Suppose 2*n - 102 = -n. Calculate the remainder when n is divided by 9.
7
Let j(r) = r**2 - r + 33. Calculate the remainder when j(0) is divided by 18.
15
Suppose -4*u = -2*u - 34. What is the remainder when u is divided by 10?
7
Let a = 99 - 80. Calculate the remainder when 32 is divided by a.
13
Suppose x + 4*x = 20. Calculate the remainder when 36 is divided by (-6 - -8)/(x/26).
10
Let c = 534 + -327. What is the remainder when c is divided by 35?
32
Let i = 42 - 31. What is the remainder when 43 is divided by i?
10
Suppose -4*j - 3 = -99. Calculate the remainder when j is divided by 11.
2
Suppose -2*s + 3 = -5*s. Let v = 12 - s. Suppose -k - 1 + 4 = -m, -4*m + v = k. Calculate the remainder when 4 is divided by m.
0
Let p = -29 + 20. Let n be (-2)/(-4) + p/(-6). What is the remainder when 25 is divided by (n/(-2))/(-1) + 8?
7
Suppose -29 = 3*t - 38. Calculate the remainder when 14 is divided by t.
2
Let c = 100 - 44. Calculate the remainder when c is divided by 15.
11
Suppose 0 = -2*p - 13*p + 450. Calculate the remainder when p is divided by 8.
6
Let w = 77 + -54. Calculate the remainder when 91 is divided by w.
22
Let n = -14 + 19. Suppose -5*f = p + 50, 5*f - p + 40 = -0. Let o = 5 - f. Calculate the remainder when o is divided by n.
4
Let x = 58 + -30. Let n = -4 - -7. Suppose n*d = -d + x. Calculate the remainder when 19 is divided by d.
5
Let z(d) = 8*d + 10. Let g(p) = -32*p - 41. Let q(h) = -2*g(h) - 9*z(h). What is the remainder when q(-5) is divided by 7?
4
Let v(k) = -k**3 - 5*k**2 + 9*k + 13. Let d be v(-6). Let l(t) = -t**2 - 6*t + 5. What is the remainder when l(d) is divided by 2?
0
Let j be (-1 - 1) + 7/1. Suppose -3*a - 15 = 0, -j*a = s + 2*s - 89. Calculate the remainder when s is divided by 13.
12
Let v(d) = d**3 + 5*d**2 + 4. Let l be ((-3)/(-2))/((-1)/2). Suppose -28*f + 26*f + 24 = 0. Calculate the remainder when v(l) is divided by f.
10
Suppose -2*n + 0 = -58. Calculate the remainder when n is divided by 10.
9
Let t = -14 + 20. Calculate the remainder when 10 is divided by t.
4
Let t = 8 - 18. Let j be (12/t)/(3/(-20)). Suppose 2*z - j - 4 = 0. Calculate the remainder when 17 is divided by z.
5
Let f(p) = -p**2 - 8*p - 6. Let o be f(-6). Suppose -o = 5*x - 16. Let t = 6 + -4. Calculate the remainder when x is divided by t.
0
Let v(p) = -3*p + 2. Let a = -46 - -69. What is the remainder when a is divided by v(-2)?
7
Suppose 2*u + d = -4*d - 1, 0 = 5*u + 5*d - 5. Suppose 156 = u*m + 2*m. Let q = m - 23. Calculate the remainder when 47 is divided by q.
15
Suppose 6*b - 39 = 3*b. Let u = 0 - 1. What is the remainder when b is divided by (u - 3/(-2))*10?
3
Suppose 22 = -4*g - 2*i, -5*i + 4*i - 16 = 3*g. Let m(d) = -d**3 - 6*d**2 - 7*d + 1. Let t = 52 - 21. What is the remainder when t is divided by m(g)?
9
What is the remainder when 76 is divided by (1 - 1) + 52/2?
24
Suppose 24*x - 16*x - 88 = 0. Suppose 3*k - 24 = 33. What is the remainder when k is divided by x?
8
Let c = -1 - -8. Let g(s) = s**2 - 5*s + 6. Calculate the remainder when 39 is divided by g(c).
19
Let f(b) = b**2 + b - 2. Let v be f(-3). Let m be 2/v*(7 + -1). Suppose c - 24 = u, -4*u - 33 = -m*c + 41. What is the remainder when c is divided by 8?
6
Let f be 3*(-2)/3 + 6. Suppose 4*p + 92 =